of 6273.
3, 17, 41
What are the prime factors of 974?
2, 487
List the prime factors of 29661.
3, 9887
List the prime factors of 58187.
31, 1877
List the prime factors of 22684.
2, 53, 107
List the prime factors of 872.
2, 109
List the prime factors of 13339.
13339
What are the prime factors of 14109?
3, 4703
List the prime factors of 155712.
2, 3, 811
What are the prime factors of 4172?
2, 7, 149
List the prime factors of 1368.
2, 3, 19
What are the prime factors of 1885?
5, 13, 29
List the prime factors of 2707.
2707
What are the prime factors of 3431?
47, 73
List the prime factors of 1200.
2, 3, 5
What are the prime factors of 3356?
2, 839
List the prime factors of 40643.
97, 419
What are the prime factors of 356?
2, 89
What are the prime factors of 38931?
3, 19, 683
What are the prime factors of 4932?
2, 3, 137
List the prime factors of 4805.
5, 31
List the prime factors of 62928.
2, 3, 19, 23
List the prime factors of 33784.
2, 41, 103
What are the prime factors of 1368?
2, 3, 19
List the prime factors of 76387.
76387
List the prime factors of 32980.
2, 5, 17, 97
What are the prime factors of 5054?
2, 7, 19
What are the prime factors of 6855?
3, 5, 457
What are the prime factors of 4249?
7, 607
List the prime factors of 6183.
3, 229
List the prime factors of 5852.
2, 7, 11, 19
List the prime factors of 4285.
5, 857
What are the prime factors of 160103?
23, 6961
List the prime factors of 10029.
3, 3343
List the prime factors of 36162.
2, 3, 7, 41
What are the prime factors of 4343?
43, 101
What are the prime factors of 13218?
2, 3, 2203
List the prime factors of 6843.
3, 2281
What are the prime factors of 430?
2, 5, 43
List the prime factors of 905.
5, 181
What are the prime factors of 1058?
2, 23
List the prime factors of 3463.
3463
List the prime factors of 10607.
10607
What are the prime factors of 1421?
7, 29
What are the prime factors of 52140?
2, 3, 5, 11, 79
What are the prime factors of 2965?
5, 593
List the prime factors of 138127.
11, 29, 433
What are the prime factors of 1273?
19, 67
List the prime factors of 14295.
3, 5, 953
List the prime factors of 60523.
29, 2087
What are the prime factors of 19194?
2, 3, 7, 457
What are the prime factors of 4910?
2, 5, 491
List the prime factors of 1073.
29, 37
What are the prime factors of 84712?
2, 10589
List the prime factors of 3340.
2, 5, 167
What are the prime factors of 24708?
2, 3, 29, 71
List the prime factors of 4435.
5, 887
What are the prime factors of 5600?
2, 5, 7
List the prime factors of 19822.
2, 11, 17, 53
What are the prime factors of 52366?
2, 26183
What are the prime factors of 4903?
4903
What are the prime factors of 1391?
13, 107
List the prime factors of 2219.
7, 317
List the prime factors of 14014.
2, 7, 11, 13
List the prime factors of 38025.
3, 5, 13
List the prime factors of 3743.
19, 197
What are the prime factors of 3821?
3821
List the prime factors of 14334.
2, 3, 2389
What are the prime factors of 5058?
2, 3, 281
List the prime factors of 122297.
7, 17471
List the prime factors of 205.
5, 41
What are the prime factors of 600?
2, 3, 5
List the prime factors of 7335.
3, 5, 163
What are the prime factors of 8152?
2, 1019
List the prime factors of 21296.
2, 11
What are the prime factors of 24429?
3, 17, 479
What are the prime factors of 2821?
7, 13, 31
What are the prime factors of 4480?
2, 5, 7
List the prime factors of 16.
2
List the prime factors of 15979.
19, 29
List the prime factors of 2007.
3, 223
What are the prime factors of 33430?
2, 5, 3343
List the prime factors of 2463.
3, 821
What are the prime factors of 34603?
34603
List the prime factors of 4279.
11, 389
What are the prime factors of 15660?
2, 3, 5, 29
What are the prime factors of 1974?
2, 3, 7, 47
What are the prime factors of 22368?
2, 3, 233
List the prime factors of 66279.
3, 22093
What are the prime factors of 354?
2, 3, 59
List the prime factors of 37223.
37223
What are the prime factors of 2862?
2, 3, 53
What are the prime factors of 345?
3, 5, 23
What are the prime factors of 9772?
2, 7, 349
What are the prime factors of 87849?
3, 43, 227
What are the prime factors of 1999?
1999
What are the prime factors of 13354?
2, 11, 607
List the prime factors of 1840.
2, 5, 23
What are the prime factors of 1873?
1873
List the prime factors of 87007.
167, 521
List the prime factors of 1090.
2, 5, 109
What are the prime factors of 1154?
2, 577
List the prime factors of 1506.
2, 3, 251
What are the prime factors of 26907?
3, 8969
What are the prime factors of 12431?
31, 401
List the prime factors of 96104.
2, 41, 293
List the prime factors of 24774.
2, 3, 4129
What are the prime factors of 6169?
31, 199
List the prime factors of 131219.
11, 79, 151
What are the prime factors of 9731?
37, 263
List the prime factors of 31069.
31069
List the prime factors of 14545.
5, 2909
List the prime factors of 40728.
2, 3, 1697
What are the prime factors of 6132?
2, 3, 7, 73
List the prime factors of 17543.
53, 331
List the prime factors of 85361.
85361
List the prime factors of 103723.
103723
What are the prime factors of 703?
19, 37
List the prime factors of 4238.
2, 13, 163
What are the prime factors of 3047?
11, 277
List the prime factors of 10287.
3, 127
What are the prime factors of 208?
2, 13
List the prime factors of 482.
2, 241
What are the prime factors of 1192?
2, 149
List the prime factors of 8456.
2, 7, 151
List the prime factors of 275.
5, 11
What are the prime factors of 3910?
2, 5, 17, 23
What are the prime factors of 14841?
3, 17, 97
List the prime factors of 14133.
3, 7, 673
List the prime factors of 19088.
2, 1193
What are the prime factors of 27665?
5, 11, 503
What are the prime factors of 78371?
109, 719
List the prime factors of 29229.
3, 9743
List the prime factors of 810.
2, 3, 5
List the prime factors of 1386.
2, 3, 7, 11
List the prime factors of 7146.
2, 3, 397
What are the prime factors of 9345?
3, 5, 7, 89
What are the prime factors of 19262?
2, 9631
What are the prime factors of 1617?
3, 7, 11
List the prime factors of 16735.
5, 3347
What are the prime factors of 3716?
2, 929
What are the prime factors of 1284?
2, 3, 107
List the prime factors of 15719.
11, 1429
What are the prime factors of 877?
877
List the prime factors of 2018.
2, 1009
What are the prime factors of 1139?
17, 67
What are the prime factors of 105238?
2, 7, 7517
List the prime factors of 9950.
2, 5, 199
List the prime factors of 529.
23
List the prime factors of 46805.
5, 11, 23, 37
List the prime factors of 31218.
2, 3, 11, 43
What are the prime factors of 5973?
3, 11, 181
What are the prime factors of 21182?
2, 7, 17, 89
What are the prime factors of 21428?
2, 11, 487
List the prime factors of 6628.
2, 1657
List the prime factors of 7370.
2, 5, 11, 67
What are the prime factors of 2103?
3, 701
What are the prime factors of 901?
17, 53
What are the prime factors of 471?
3, 157
What are the prime factors of 1749?
3, 11, 53
List the prime factors of 4890.
2, 3, 5, 163
List the prime factors of 319.
11, 29
What are the prime factors of 1096?
2, 137
What are the prime factors of 55876?
2, 61, 229
What are the prime factors of 5891?
43, 137
What are the prime factors of 952?
2, 7, 17
What are the prime factors of 2246?
2, 1123
List the prime factors of 38727.
3, 13, 331
List the prime factors of 5542.
2, 17, 163
What are the prime factors of 9118?
2, 47, 97
List the prime factors of 1619.
1619
List the prime factors of 12471.
3, 4157
List the prime factors of 2519.
11, 229
What are the prime factors of 11710?
2, 5, 1171
What are the prime factors of 15070?
2, 5, 11, 137
What are the prime factors of 4450?
2, 5, 89
What are the prime factors of 106208?
2, 3319
What are the prime factors of 3199?
7, 457
What are the prime factors of 1718?
2, 859
List the prime factors of 1387.
19, 73
What are the prime factors of 15512?
2, 7, 277
List the prime factors of 1879.
1879
List the prime factors of 3525.
3, 5, 47
What are the prime factors of 26889?
3, 8963
What are the prime factors of 3999?
3, 31, 43
What are the prime factors of 51601?
11, 4691
What are the prime factors of 511?
7, 73
List the prime factors of 98908.
2, 79, 313
What are the prime factors of 3788?
2, 947
List the prime factors of 10889.
10889
What are the pri